 -217 - r. What is the hundreds digit of z?
1
Let l(g) = -64*g**3 - 2*g**2 - 3*g + 9. What is the tens digit of l(-2)?
1
Suppose 4*o + 296 = 2*w, 4*w - 2*w - 275 = -3*o. Let s = 238 - w. What is the units digit of s?
6
Suppose -5*m = 5*v + 5, m + 2*v + 5 = -0*v. Suppose -3*s = m*t - 141 - 27, 0 = -t + 4. What is the tens digit of s?
5
Let o(n) = 6*n - 24. Let c be o(4). Suppose c = -7*a + 4*a + 42. What is the units digit of a?
4
Let m = 7989 - 4475. What is the hundreds digit of m?
5
Suppose -1221 = -3*o - 33. Suppose 20*w + o = 23*w. What is the tens digit of w?
3
Let y be (-3)/6*-3*-6. Let x be (-9)/(-5)*(-60)/y. What is the units digit of 9/(-54) - (-686)/x?
7
Suppose 0*y = -3*y - 5*v - 23, -3*y - 2*v = 11. Let k(r) = 197*r**2 - r - 3. What is the tens digit of k(y)?
9
What is the tens digit of ((-5184)/(-810))/(548/(-550) + 1)?
6
Let h = -79 - -90. Let y = h + -7. What is the units digit of y?
4
Let d(j) = j**3 - 43*j**2 + 16*j - 54. What is the tens digit of d(43)?
3
Suppose -4*c = 3*n + c - 1994, -2*n + 1356 = -2*c. What is the tens digit of n?
7
Let k(o) = 3*o**2 + 11*o + 7. Let h be k(-5). Let m = h + -22. Suppose 0*d - 2*d + 52 = s, m*s = -5*d + 140. What is the tens digit of d?
2
Let f(y) = 2358*y**2 - 8*y + 9. What is the units digit of f(1)?
9
Suppose 3*w - 3*y = 12975, -4*w + 2*y - 5*y = -17272. What is the tens digit of w?
2
Let v(z) = -176*z - 64. Let l be v(-7). Suppose 2*x - 10*x + l = 0. What is the hundreds digit of x?
1
Let k(g) = g + 16. Let b be k(-11). Let u(d) = -d**2 - 7*d + 10. Let z(q) = q**2 + 7*q - 10. Let s(a) = 4*u(a) + 5*z(a). What is the units digit of s(b)?
0
Suppose b + b - 4 = 0. Suppose j + 1 = -b*n + 140, 0 = -j + 4*n + 115. Suppose -4*a = -s - j, -25 - 45 = -2*a + 2*s. What is the units digit of a?
2
Suppose 4*n - 2*f - 2303 = n, 3*f = -n + 786. What is the units digit of n?
1
What is the tens digit of 4972/(-113)*62/(-4)?
8
Suppose 0 = 2*p - n + 1, -2*p - n - 2 = 5. Let i be (p + 4 - -1) + 49. Suppose -3*l = -17 - i. What is the tens digit of l?
2
Let q(s) = s**2 - 7*s + 13. Let c be q(5). Suppose 7*v = c*v + 952. What is the tens digit of v?
3
Suppose 0 = 9*x - 11*x + 178. What is the tens digit of x?
8
Let v = -1229 + 2080. What is the hundreds digit of v?
8
Let j = 49 - 48. What is the hundreds digit of ((-3)/(-1))/j*(0 - -79)?
2
Let i(z) = 2*z**2 + 4*z. Let g be i(3). Suppose -2*f - 3*u = 46, -f + 3*f - u + g = 0. Let l = f - -43. What is the tens digit of l?
2
Suppose 0 = 4*f + 467 - 2919. What is the tens digit of f?
1
Let p be 27/5 - (34/10 - 3). Suppose r - 32 = 5*x, 0 = -r + p*r - 5*x - 68. What is the tens digit of r?
1
Let s(g) = -g**3 - 7*g**2 + 65. What is the hundreds digit of s(-12)?
7
Suppose c = -2*l + 120, -6*l + 490 = 4*c - 3*l. What is the hundreds digit of c?
1
Suppose 3*x + 27 = 4*r, 0 = -x - r - 2. Let g(m) = -5*m - 28. Let o be g(13). What is the tens digit of (-8)/(-20) + o/x?
1
Suppose -i + 4 = 3*m, 4*m + m = -4*i - 5. Suppose 2*t + m*t = 0. Suppose 5 - 12 = -w - o, 5*w + 2*o - 50 = t. What is the tens digit of w?
1
Let t = -488 - -995. What is the hundreds digit of t?
5
Suppose o - 5*x = 929, 2*o - x - 443 - 1379 = 0. What is the tens digit of o?
0
Let s = 51 - 80. Let i = -2 - s. What is the units digit of i?
7
Suppose 0 = -175*a + 167*a + 23736. What is the hundreds digit of a?
9
Suppose -5*d - k = -2*k - 28, -3 = k. Let a(p) = 2*p - 19. Let n be a(12). What is the tens digit of (62/n)/(2/d)?
3
Suppose -v = -2*g - 51, -8*v - 5*g - 213 = -12*v. What is the units digit of v?
7
Let b(j) be the second derivative of j**5/30 + 3*j**4/8 + j**3/3 + 7*j**2/2 - 5*j. Let n(p) be the first derivative of b(p). What is the units digit of n(-5)?
7
Let z(x) = -6 + 21*x - 7*x**2 + 0*x**3 + x**3 - 4 + 3. What is the units digit of z(6)?
3
Let k(d) = d**2 + 7*d. Let g be k(-5). Let t = g - -12. Suppose -5*x + t*x + 75 = 0. What is the tens digit of x?
2
Let z = 3 + 1. Suppose -8 = -z*t + 8. Suppose -120 = -t*n - n. What is the tens digit of n?
2
Let t be 5/(-2)*6/(-5). Let q(s) = -6*s + t*s**2 - 1 - 1 - 3 - 4*s**2. What is the units digit of q(-4)?
3
Let k be (-64)/(-24)*(-3)/2. What is the tens digit of (-45)/k*(2 + -4)*-2?
4
Let q(h) = -3*h - 2. Let r be q(5). Let y = r + 7. What is the tens digit of ((-18)/y)/((-5)/(-50))?
1
Suppose 36 = -6*b + 9*b. Suppose 7*c + 700 = b*c. What is the units digit of c?
0
What is the thousands digit of (38/2)/(-10 + 10146/1014)?
3
Let r = -4 - -27. Suppose 3*x = -n + r, -4*n + 16 = 4*x + n. Suppose 5*z + 4*c = 177, -4*z + x*z - 179 = -3*c. What is the tens digit of z?
3
Let x be ((-4)/8 - -1)*-2. Let j be 4 - -1 - (1 + x). Suppose -5*l - o + 39 = 5, -j*l = -o - 26. What is the units digit of l?
6
Let a(y) = 93*y + 212. What is the hundreds digit of a(13)?
4
Let h be (-693)/22*(-2 - -4). Let f = 168 + h. What is the tens digit of f?
0
Let u(x) = -x**3 + 18*x**2 - 10*x + 46. What is the units digit of u(17)?
5
Suppose 5*m = 0, h + 2 - 3 = -2*m. Let c(x) = 144*x**3. Let j be c(h). Suppose 0 = -0*w + 3*w - j. What is the tens digit of w?
4
Let u = -4 + 5. Suppose -4*c + a = -u, 2*a + 0 = -3*c - 2. Suppose c = 4*t - 3*t - 38. What is the tens digit of t?
3
Suppose 134*h - 120*h - 15988 = 0. What is the thousands digit of h?
1
Let i(s) be the first derivative of -s**3/3 + 7*s**2/2 - 6*s + 3. Let h be i(6). Suppose -u + 60 = 3*v - h*u, 2*v + 4*u - 30 = 0. What is the tens digit of v?
2
What is the hundreds digit of (-8 + 20)/((-4)/(-106))?
3
Let l(v) = 26*v**3 - v**2 - v + 2. Suppose -2 = -2*w + w. Suppose -4*m = -w*r - 10, -4*m + 21 = -5*r + 2. What is the units digit of l(m)?
6
Let t = -1 + 98. Let l = -47 + t. What is the tens digit of l?
5
Let h(r) = r**2 - 8*r. Let j be h(-6). Suppose 80*t = j*t - 700. What is the hundreds digit of t?
1
Suppose 4*k + 54 = -10. Let z = k + 20. Suppose -53 = -n + z*x, 0 = -3*n - x - 2*x + 84. What is the units digit of n?
3
Suppose r + 2 = 4. Suppose 2*k + r*k + 4*l - 240 = 0, 0 = -5*k + 4*l + 327. Let x = k - 43. What is the units digit of x?
0
Let i(z) = 9 + 8*z - 2 - 1. What is the units digit of i(6)?
4
Let v(n) = n**3 + 13*n**2 - 15*n - 9. Let o be v(-14). Suppose 4*z = 5*d + 17, 4*z + o*d - 4 = 3. Suppose 5*p - 97 - z = 0. What is the units digit of p?
0
Suppose 30*n + 5*y = 32*n - 574, 5*y = -3*n + 886. What is the hundreds digit of n?
2
Let d(h) = -3*h + 24. Suppose -2*x + 5*x = 0, 50 = -5*m + 4*x. Let f be d(m). Suppose -5*o + 2*t = -f, -2*o - 36 = -6*o + 4*t. What is the tens digit of o?
1
Let j = 567 - 244. What is the units digit of j?
3
Let c(v) = v - 9. Let y be c(9). Suppose 0 = -5*g + 25, -p - 3*g = -y*p - 18. Suppose 4*l - p = 29. What is the units digit of l?
8
Let q be (6/5 + -1)*15. Suppose q*s - 163 = 188. What is the hundreds digit of s?
1
Let s be 0/(-4 + 6/2). Suppose -4*h + 8 + 32 = s. Suppose 0 = h*g - 9*g - 19. What is the tens digit of g?
1
Suppose 0 = 12*m + 15828 - 46452. What is the tens digit of m?
5
Let j be (-2)/6*-3 + (-3 - -6). What is the hundreds digit of (1/j)/(-1) - (-1450)/8?
1
Let c be 9 + 3 - (-1 + 0). Let a be (-28)/(-98) - 61/(-7). Let s = c - a. What is the units digit of s?
4
Suppose -1152 = -6*k + 2148. What is the tens digit of k?
5
Let z(y) be the third derivative of y**6/60 - 3*y**5/20 + y**4/8 - y**3/3 + 9*y**2. What is the hundreds digit of z(6)?
1
Let f = -182 - -265. Suppose i = f - 10. What is the units digit of i?
3
Suppose 0 = -3*q + 157 + 389. What is the tens digit of q?
8
Let p be (-30)/40 + (-4289)/4. What is the hundreds digit of ((-4)/(-12))/(p/537 - -2)?
1
Let c = -13 - -9. Suppose 5*o - 43 = -8. Let u = c + o. What is the units digit of u?
3
Let i be (-4)/(-2)*(-120)/(-16). Suppose -5*v + 3*l - 39 = 0, -3*l - i = 4*v - 0*l. What is the units digit of (-32)/v*(-189)/(-18)?
6
Suppose -2976*f = -2973*f - 13638. What is the tens digit of f?
4
Let j be 241 - (-1 - 0) - 4. What is the units digit of j/4 - 6/12?
9
Suppose 2*b - 6212 = -2*s, 43*b + 3*s = 39*b + 12426. What is the units digit of b?
8
Let q = 681 - 594. What is the units digit of q?
7
Let w(m) = m**2 - 2*m - 3. Let s be w(4). Suppose 51 = s*p - 4*p. What is the units digit of p?
1
Let z(h) = 4*h + 42. Let a be z(-12). What is the tens digit of a/(-9) - 290/(-6)?
4
Suppose -4*l - 2*l = 0. Let r(m) = 0*